NOAA-Style Climate Reports


Report for 2010 September
                  MONTHLY CLIMATOLOGICAL SUMMARY FOR 9/2010
                                        HEAT  COOL        
     MEAN                               DEG   DEG       WIND SPEED       DOM MEAN  MEAN
DAY  TEMP  HIGH   TIME     LOW   TIME   DAYS  DAYS RAIN AVG  HI  TIME    DIR BAROM HUM
---------------------------------------------------------------------------------------
1    79.9  96.3   3:26pm  64.6   6:29am    0   30  0.00   1  14   2:02pm SSW 30.05   58
2    82.2  96.8   1:48pm  68.8   6:07am    0   32  0.00   2  20   4:25pm   S 29.98   60
3    76.9  87.8   5:25pm  70.6   6:16am    0   27  0.00   0  15  11:54pm  NE 29.74   69
4    69.8  77.1   2:02pm  58.3  11:56pm    0   20  0.00   5  26  11:33am  NW 29.72   52
5    62.7  75.0   3:58pm  52.6   3:07am    2   13  0.00   3  20  11:55am  NW 29.98   56
6    65.4  80.2   4:58pm  46.9   6:34am    3   16  0.00   2  22   4:26pm SSW 30.18   60
7    75.0  88.5   3:43pm  61.1   3:29am    0   25  0.00   4  23   3:00pm   S 30.10   63
8    76.5  87.4   3:29pm  61.7  11:58pm    0   26  0.00   7  30   4:07pm  NW 29.83   48
9    63.3  71.5   2:55pm  55.0   6:23am    1   13  0.00   5  24   5:55pm  NW 29.86   59
10   63.7  70.5  12:30pm  57.0   7:15am    0   14  0.00   4  22  10:12am NNW 29.92   61
11   65.6  78.9   2:53pm  50.6   6:49am    2   16  0.00   1  13  12:47pm NNW 30.00   56
12   61.2  64.5   3:06pm  57.3   6:47am    0   11  0.32   1  14  12:05am   S 30.02   85
13   66.2  78.4   5:09pm  57.7  11:55pm    0   16  0.00   1  17   2:46pm SSW 29.96   75
14   64.2  75.7   2:19pm  53.7   6:35am    2   14  0.00   3  20  12:47pm  NW 29.95   66
15   63.2  74.8   3:22pm  53.4   6:17am    2   13  0.00   3  21   4:30pm  NW 30.10   54
16   61.5  73.7   2:17pm  50.3   6:49am    2   11  0.21   1  19   8:18pm  NE 29.99   82
17   64.1  72.2  12:14pm  51.8  11:57pm    1   14  0.03   4  20  12:57pm NNW 29.97   76
18   60.4  75.3   3:53pm  46.9   5:06am    4   11  0.00   1  13  12:30pm NNW 30.19   70
19   67.2  83.9   2:53pm  51.8   6:40am    2   17  0.00   1  13   5:39pm NNW 30.11   67
20   63.7  73.0   1:14pm  54.7   6:30am    1   14  0.00   4  22   3:00pm NNW 30.05   54
21   60.3  74.8   4:06pm  43.2   6:39am    5   11  0.00   2  17  11:55am   S 30.17   58
22   69.0  88.0   4:52pm  54.6   6:48am    1   19  0.34   1  36   6:49pm SSW 30.05   72
23   70.8  81.4   1:29pm  60.3   6:09am    0   21  0.01   1  12   4:21pm   S 30.16   80
24   75.2  87.6   4:54pm  65.0   3:03am    0   25  0.00   2  21   9:23pm   S 30.04   74
25   76.8  86.8   3:40pm  64.6  10:19pm    0   27  0.04   4  21   2:15pm WNW 29.86   50
26   63.8  69.9   2:40pm  56.8   7:17am    0   14  0.00   1  12  12:32am   N 30.03   63
27   64.5  71.8   9:32pm  58.9   6:01am    0   14  0.33   3  23  10:46pm  NE 29.95   97
28   71.3  78.2   4:33pm  64.0  11:55pm    0   21  1.08   7  28   8:59am   S 29.71   84
29   64.4  73.7   3:18pm  55.7   6:09am    1   14  0.00   1  14   3:01pm SSW 29.93   71
30   68.7  76.0   3:18pm  62.1  11:57pm    0   19  2.62   7  40   5:11pm   S 29.73   94
---------------------------------------------------------------------------------------
TOT  67.9  96.8   9/2/10  43.2  9/21/10   30  538  4.98   3  40  9/30/10   S 29.98   67

HEAT BASE: 60.0
COOL BASE: 50.0