NOAA-Style Climate Reports


Report for 2011 January
MONTHLY CLIMATOLOGICAL SUMMARY FOR 1/2011
HEAT  COOL
MEAN                               DEG   DEG       WIND SPEED       DOM MEAN  MEAN
DAY  TEMP  HIGH   TIME     LOW   TIME   DAYS  DAYS RAIN AVG  HI  TIME    DIR BAROM HUM
---------------------------------------------------------------------------------------
1    40.0  50.4   2:27pm  27.8   7:36am   20    0  0.00   0   6   7:37pm  SE 30.07   79
2    43.6  48.8  12:27pm  31.1  11:53pm   16    0  0.04   4  22   6:22pm WNW 29.98   65
3    29.1  35.8   1:41pm  23.1  11:17pm   31    0  0.00   6  22   2:20pm WNW 30.16   51
4    31.0  42.2   2:44pm  22.8  12:03am   29    0  0.00   2  17   2:57pm  SW 29.94   57
5    31.1  37.6   2:36pm  22.1  11:25pm   29    0  0.00   4  24   2:54am WNW 29.86   56
6    25.5  33.3   2:00pm  17.6   5:06am   34    0  0.00   1  13  12:18pm SSW 29.67   60
7    25.3  32.5   1:52pm  14.0  11:55pm   35    0  0.05   2  15   1:08pm WNW 29.44   74
8    20.7  27.8   3:38pm  14.0  12:00am   39    0  0.01   2  15   6:02pm WSW 29.47   79
9    25.5  31.5   2:12pm  21.0   6:30am   35    0  0.00   9  26   1:20pm WNW 29.94   57
10   24.8  32.0   2:40pm  17.6  11:56pm   35    0  0.00   4  20   8:38am WNW 30.23   57
11   22.1  29.9   2:50pm  12.4   5:48am   38    0  0.00   1  10   3:56pm NNE 30.11   80
12   24.0  27.5  11:33am  19.1   7:28am   35    0  0.00   7  28   3:34pm WNW 29.79   78
13   21.6  26.9   3:16pm  11.2  11:43pm   38    0  0.00   6  23   3:19am  NW 30.19   61
14   20.8  30.9   2:04pm  10.0  12:45am   39    0  0.00   2  17  12:14pm  NW 30.30   66
15   25.6  34.5   1:57pm  13.6   3:02am   34    0  0.01   2  20  10:38am   S 30.06   68
16   28.3  34.6   2:20pm  21.8   8:48pm   32    0  0.00   4  20   1:56am   W 30.08   55
17   21.5  23.8   5:40pm  17.3   7:18am   38    0  0.00   3  12   3:33am NNE 30.27   55
18   29.0  34.9   5:00pm  21.7  12:30am   31    0  0.00   2  15   4:23am NNE 29.85   98
19   37.3  41.8  12:45pm  32.7   2:20am   24    0  0.35   3  13   3:43am   W 29.81   87
20   30.5  34.9   1:55am  26.3  11:14pm   30    0  0.00   4  20   2:09am WNW 29.99   68
21   23.2  28.4  10:50am  14.0  11:29pm   37    0  0.04   7  26   3:06pm WNW 29.74   66
22   12.4  22.5   2:09pm   5.2   9:52pm   48    0  0.02   2  17  12:28am SSW 29.96   59
23   14.6  23.5   1:42pm   6.5  12:07am   45    0  0.00   4  21   9:11am WNW 30.08   58
24   11.5  20.7   3:04pm  -2.4   7:40am   48    0  0.00   1   9   6:59pm SSE 30.42   56
25   26.0  34.9   2:21pm  18.2   1:00am   34    0  0.00   1   9   1:00pm   N 30.19   69
26   29.0  30.8   1:22pm  24.7   1:13am   31    0  0.00   4  19   3:52pm NNE 29.87   93
27   29.6  34.0   2:53pm  24.3   7:33pm   30    0  0.00   5  18  12:45pm WNW 29.83   78
28   28.0  31.7   3:48pm  23.5   3:47am   31    0  0.00   1   9  11:24pm  SW 29.85   89
29   26.0  29.1  12:00am  18.8   7:15am   34    0  0.00   1  14  11:40am WSW 29.95   89
30   28.7  36.4  12:48pm  20.4  11:39pm   31    0  0.01   2  15   2:05pm WNW 30.12   80
31   22.6  29.3   2:46pm  10.1   6:21am   37    0  0.00   2  12  11:44pm NNE 30.43   60
---------------------------------------------------------------------------------------
TOT  25.2  50.4   1/1/11  -2.4  1/24/11 1049    0  0.53   3  28  1/12/11 WNW 30.00   71

HEAT BASE: 60.0
COOL BASE: 50.0