NOAA-Style Climate Reports


Report for 2011 April
                  MONTHLY CLIMATOLOGICAL SUMMARY FOR 4/2011
                                        HEAT  COOL        
     MEAN                               DEG   DEG       WIND SPEED       DOM MEAN  MEAN
DAY  TEMP  HIGH   TIME     LOW   TIME   DAYS  DAYS RAIN AVG  HI  TIME    DIR BAROM HUM
---------------------------------------------------------------------------------------
1    38.0  47.5   4:03pm  32.7   8:41am   22    0  0.20   5  25   5:29pm   W 29.50   90
2    43.0  54.5   2:39pm  32.0   6:53am   17    0  0.00   5  19   5:39pm   W 29.61   56
3    47.8  58.5   3:26pm  37.0   6:30am   12    2  0.05   6  25   1:36pm   W 29.94   46
4    52.9  68.3  11:22pm  42.0   1:02am    8    5  0.01   3  29  11:18pm   S 29.70   70
5    49.1  65.5   5:21am  37.4  11:58pm   11    4  0.53   7  32   9:26am WNW 29.49   74
6    41.1  51.8  12:31pm  33.0   5:41am   19    0  0.10   4  19  11:27am   W 29.97   72
7    42.8  49.1   4:43pm  39.3   5:47am   17    0  0.00   2  11  10:23am  NE 30.09   85
8    40.8  45.7  11:37am  37.0   4:35am   19    0  0.34   1   9   5:53pm   S 30.18   93
9    47.6  57.5   2:39pm  36.0   6:46am   12    2  0.00   2  12   3:57pm NNE 30.15   79
10   52.5  59.4   5:40pm  45.9   7:58am    7    3  0.00   3  16   4:13pm   S 30.08   78
11   64.5  82.9   3:23pm  50.5   5:40am    3   14  0.16   5  29   3:32pm SSW 29.74   80
12   54.0  67.6  12:00am  47.4  11:58pm    7    4  0.68   5  24   5:13pm ENE 29.84   86
13   45.9  48.0   5:34pm  43.6   6:21am   14    0  0.45   4  22   1:46am ENE 29.89   98
14   57.0  70.8   5:22pm  45.3   6:32am    6    8  0.01   4  15  12:06pm  NW 30.04   56
15   49.2  55.5   2:52pm  41.0  11:59pm   11    1  0.00   6  18   4:24pm  SE 30.34   60
16   45.9  59.0   9:16pm  39.1   1:41am   14    1  1.77   7  30   8:39pm  SE 29.98   91
17   52.8  58.7   6:49pm  45.3   8:07am    7    3  0.02   2  26  10:26pm   W 29.68   61
18   54.4  62.3   6:49pm  43.8   6:25am    6    5  0.00   3  17   3:59pm   S 29.94   51
19   48.1  51.4  12:00am  43.7   5:12am   12    0  0.13   2  11   8:27pm  NE 30.02   91
20   54.5  70.1   6:51pm  45.2   7:13am    7    7  0.01   3  25  10:18pm ENE 29.88   84
21   51.4  59.7   1:59pm  41.5  11:57pm    9    3  0.00   9  30   4:42pm WNW 30.17   44
22   42.6  49.6   4:10pm  34.8   5:26am   17    0  0.00   4  20   5:04pm   S 30.41   57
23   48.7  60.8   5:55pm  38.7   2:46am   11    3  0.42   2  14  12:37am SSW 30.08   94
24   65.2  78.8   4:36pm  54.6   1:04am    1   15  0.45   3  19   6:42pm  SW 29.99   85
25   67.1  81.8   4:25pm  57.5   6:22am    0   17  0.01   2  19   5:37pm   S 30.00   82
26   71.5  81.4   5:31pm  59.0   5:47am    0   22  0.00   6  29   4:49pm   S 29.92   74
27   70.5  79.3   4:49pm  62.4   1:28am    0   20  0.04   7  30  12:10am   S 29.90   83
28   69.6  76.4   5:10pm  60.7  11:59pm    0   20  0.86   8  40   9:48am   S 29.68   71
29   55.4  64.7   1:45pm  46.5   5:36am    5    6  0.03   4  21   9:50am   W 29.80   62
30   55.7  69.3   4:26pm  45.9   3:10am    6    7  0.00   5  21  12:59pm NNW 30.09   53
---------------------------------------------------------------------------------------
TOT  52.7  82.9  4/11/11  32.0   4/2/11  282  173  6.27   4  40  4/28/11   S 29.94   74

HEAT BASE: 60.0
COOL BASE: 50.0