NOAA-Style Climate Reports


Report for 2011 May
                  MONTHLY CLIMATOLOGICAL SUMMARY FOR 5/2011
                                        HEAT  COOL        
     MEAN                               DEG   DEG       WIND SPEED       DOM MEAN  MEAN
DAY  TEMP  HIGH   TIME     LOW   TIME   DAYS  DAYS RAIN AVG  HI  TIME    DIR BAROM HUM
---------------------------------------------------------------------------------------
1    56.6  68.6  12:24pm  42.7   6:20am    6    8  0.00   2  15   1:15pm   W 30.25   62
2    60.3  68.8   5:22pm  53.4   6:43am    2   10  0.00   2  13   5:51pm   S 30.19   73
3    67.6  80.6   4:03pm  57.3   5:59am    0   18  0.14   4  26   6:12pm   S 30.01   76
4    50.6  62.7  12:04am  43.7   1:04pm   10    2  0.45   5  20   2:37pm  NW 30.02   80
5    53.9  65.5   5:33pm  43.5   6:15am    7    6  0.00   7  28   1:37pm  NW 30.02   49
6    56.4  70.1   3:36pm  40.0   5:51am    6    9  0.00   3  21   1:46pm SSW 29.93   52
7    55.5  70.3   1:11pm  46.6  11:59pm    6    6  0.06   3  24   2:55pm WSW 29.89   71
8    58.1  74.3   3:15pm  41.3   6:18am    6   10  0.00   1   9   7:27pm   N 29.91   65
9    60.2  71.7   4:37pm  46.0   6:00am    4   11  0.00   4  19   1:10pm NNW 29.98   53
10   61.5  75.9   4:04pm  43.4   6:11am    4   12  0.00   1  10  11:59am NNW 29.98   48
11   62.1  74.5   3:56pm  46.5   6:02am    3   12  0.00   2  12   3:33pm   S 30.05   61
12   64.3  76.0   2:40pm  51.4   5:58am    2   14  0.00   2  12  11:54am   S 30.02   66
13   59.5  67.8   4:06pm  51.7   2:52am    3   10  0.00   3  12   4:33pm   S 29.91   73
14   58.5  61.9  12:00am  56.1   7:58am    2    8  0.05   3  21  12:00am   S 29.79   92
15   62.2  72.5   4:40pm  57.0   2:16am    1   12  0.56   1  21   4:44pm ENE 29.59   94
16   61.7  68.3  11:16am  57.2  11:56pm    0   12  0.42   2  12   1:12pm  NE 29.67   95
17   58.0  61.6   5:38pm  54.8   7:39am    2    8  0.21   4  18  10:07am ENE 29.84   98
18   61.6  66.5   1:20pm  57.5   4:47am    1   12  0.18   3  14  12:52am ENE 29.90   97
19   61.0  71.3   2:53pm  57.3  11:46pm    1   11  0.33   1  29   3:08pm   S 29.96   94
20   60.2  69.1   5:48pm  55.9   5:18am    1   10  0.12   2  11   1:33pm  NW 29.93   92
21   66.9  81.2   4:29pm  51.7   5:44am    2   17  0.00   2  15   3:44pm NNW 29.96   75
22   59.8  63.5  12:00am  55.7  11:55pm    1   10  0.00   2  15   3:08pm   E 30.08   93
23   62.4  71.7   5:38pm  54.9   1:02am    2   12  0.13   1  11   9:00am   S 29.94   98
24   71.4  82.4   3:48pm  62.6   3:28am    0   21  0.02   2  16   3:32pm  SW 29.80   79
25   72.1  82.2   3:57pm  59.6   5:15am    0   22  0.00   2  15  11:36pm   S 29.90   69
26   74.9  87.6   5:06pm  64.7   4:57am    0   25  0.02   3  28   8:59pm   S 29.87   75
27   73.6  83.2   5:15pm  62.6   2:28am    0   24  0.00   3  21   2:30am   S 29.94   72
28   74.2  83.2   4:51pm  62.1   5:55am    0   24  0.00   6  26   3:25pm   S 29.99   70
29   75.8  85.5   5:14pm  67.8   3:25am    0   26  0.00   4  17   1:48pm   S 30.06   77
30   79.9  91.7   3:57pm  67.8   5:40am    0   30  0.38   2  25   5:31am NNW 30.09   73
31   81.3  92.8   3:57pm  68.8   4:58am    0   31  0.00   2  13  10:49pm   S 30.15   70
---------------------------------------------------------------------------------------
TOT  63.9  92.8  5/31/11  40.0   5/6/11   70  443  3.07   3  29  5/19/11   S 29.96   76

HEAT BASE: 60.0
COOL BASE: 50.0