NOAA-Style Climate Reports


Report for 2011 July
                  MONTHLY CLIMATOLOGICAL SUMMARY FOR 7/2011
                                        HEAT  COOL        
     MEAN                               DEG   DEG       WIND SPEED       DOM MEAN  MEAN
DAY  TEMP  HIGH   TIME     LOW   TIME   DAYS  DAYS RAIN AVG  HI  TIME    DIR BAROM HUM
---------------------------------------------------------------------------------------
1    71.8  84.9   5:02pm  55.6   5:32am    1   22  0.00   1  12   4:25pm NNW 30.02   57
2    74.6  87.8   3:47pm  59.4   6:00am    0   25  0.00   1  14   1:25pm SSW 30.03   59
3    74.7  87.0   5:08pm  66.8   6:50am    0   25  0.09   2  15   5:29pm   S 29.89   78
4    75.9  88.9   2:58pm  66.1   6:10am    0   26  0.00   2  20   3:43pm  SW 29.87   72
5    77.2  90.0   3:28pm  61.7   5:57am    0   27  0.00   2  17   4:28pm  NW 29.93   61
6    79.1  92.8   3:09pm  64.6   6:08am    0   29  0.00   2  15   2:30pm SSW 29.92   64
7    80.0  92.4   1:50pm  70.3   6:25am    0   30  0.08   1  16   3:53pm SSW 29.91   69
8    73.9  83.5   2:41pm  68.6   9:58pm    0   24  0.70   1  29   4:20pm   S 29.84   88
9    77.3  88.9   1:22pm  66.8   4:34am    0   27  0.00   3  20  11:06am NNW 29.89   66
10   75.5  88.9   5:18pm  60.5   5:45am    0   25  0.00   2  13   3:56pm  SW 30.04   62
11   80.5  91.3   2:32pm  67.6   5:56am    0   31  0.00   4  21  12:14pm   S 29.92   69
12   83.6  93.7   3:14pm  73.7   5:29am    0   34  0.00   4  19   2:37pm WNW 29.76   61
13   77.0  86.8   4:23pm  68.6  11:52pm    0   27  0.00   4  20   7:06pm NNW 29.81   62
14   73.7  84.9   3:12pm  61.6   6:03am    0   24  0.00   3  22  12:21pm   N 29.99   52
15   73.7  85.7   3:33pm  60.2   5:49am    0   24  0.00   2  14  12:10am SSW 30.06   60
16   75.3  86.3   1:13pm  63.5   5:22am    0   25  0.00   3  17   7:02pm SSW 30.13   53
17   77.3  89.0   3:01pm  63.4   6:03am    0   27  0.00   3  17   3:38pm SSW 30.13   62
18   81.3  92.1   1:56pm  70.3   6:00am    0   31  0.00   3  20  12:40pm  SW 29.96   62
19   82.7  93.8   2:44pm  73.3   6:19am    0   33  0.00   1  19   8:56pm   N 29.83   64
20   81.2  91.2   4:55pm  69.3   5:20am    0   31  0.00   3  15  11:51am SSW 29.86   71
21   86.4  98.1   4:47pm  74.5   5:38am    0   36  0.00   4  23   3:17pm SSW 29.80   66
22   91.4 103.6   4:18pm  80.3   5:21am    0   41  0.00   2  13   8:05pm WSW 29.85   58
23   88.2  98.1   3:33pm  79.0   5:39am    0   38  0.00   2  16   4:25pm  NW 29.91   56
24   82.1  90.8  12:34pm  76.6  11:32pm    0   32  0.01   2  22   3:55pm  SW 29.91   71
25   74.9  83.2  11:59am  70.5   5:11pm    0   25  1.50   1  17  11:51am   S 29.85   89
26   77.8  87.7   4:13pm  70.5   6:32am    0   28  0.00   2  18   4:16pm  SW 29.74   70
27   75.6  86.7   3:08pm  63.0   6:24am    0   26  0.00   2  14   2:58pm   N 29.91   63
28   74.1  81.9  12:06pm  67.3   4:06am    0   24  0.04   1   8  11:36am SSW 30.03   78
29   77.4  90.1   3:31pm  71.4   1:28am    0   27  0.26   2  22   5:36pm  SW 29.91   88
30   81.0  91.4   4:02pm  71.7   5:37am    0   31  0.00   3  16   2:55pm  NW 29.95   59
31   79.0  91.2   3:04pm  66.5   6:43am    0   29  0.00   1  16   2:05pm  NW 30.03   60
---------------------------------------------------------------------------------------
TOT  78.5 103.6  7/22/11  55.6   7/1/11    1  884  2.68   2  29   7/8/11 SSW 29.93   66

HEAT BASE: 60.0
COOL BASE: 50.0