NOAA-Style Climate Reports


Report for 2012 March
                  MONTHLY CLIMATOLOGICAL SUMMARY FOR 3/2012
                                        HEAT  COOL        
     MEAN                               DEG   DEG       WIND SPEED       DOM MEAN  MEAN
DAY  TEMP  HIGH   TIME     LOW   TIME   DAYS  DAYS RAIN AVG  HI  TIME    DIR BAROM HUM
---------------------------------------------------------------------------------------
1    38.0  44.3   3:51pm  34.0   2:45am   44    0  0.09   3  20   6:29pm  NE 29.92   82
2    37.5  42.9   3:05pm  28.5   5:12am   23    0  0.19   4  18   1:39pm  SE 29.97   87
3    45.4  56.8   3:53pm  40.0   3:50am   15    1  0.02   6  26   2:35pm   W 29.58   69
4    36.2  43.1  12:05pm  30.6   9:50pm   24    0  0.00   5  21  11:08am   W 29.70   56
5    32.6  43.3   1:48pm  25.7   6:50am   27    0  0.00   5  20   3:16pm NNW 29.98   54
6    32.9  44.0   2:25pm  22.7   4:59am   27    0  0.00   3  15   3:42pm   S 30.56   45
7    46.7  62.2   4:11pm  27.3   6:27am   13    4  0.00   5  22  11:21pm   S 30.44   57
8    60.1  69.4   3:24pm  50.5   5:52am    3   10  0.00  11  31   1:02pm   S 30.08   63
9    41.8  60.0  12:00am  33.2  11:58pm   18    0  0.09  10  29   1:04am WNW 30.11   54
10   33.2  41.9   3:01pm  25.5   6:25am   27    0  0.00   6  22  12:00am  NW 30.47   40
11   42.9  60.0   4:53pm  25.8   5:59am   16    2  0.00   3  16   3:33pm  SW 30.45   49
12   50.3  65.9   2:38pm  32.3   7:40am   11    6  0.00   2  14   3:07pm   S 30.25   56
13   61.1  74.8   5:20pm  51.1   3:31am    3   11  0.00   3  19   1:19pm  SW 30.00   67
14   62.3  71.5   4:43pm  45.2   7:31am    4    9  0.00   4  22   2:09pm   W 30.12   36
15   49.2  59.5   4:00pm  43.0   4:24am   11    2  0.00   4  14   4:27pm  NE 30.21   70
16   49.0  61.9   5:35pm  42.6   4:17am   11    3  0.00   2  10   4:49pm  NE 30.17   90
17   54.5  69.2   4:05pm  39.7   6:58am    7    7  0.00   2  15   3:49pm  SE 30.26   78
18   54.2  68.2   4:45pm  45.6   4:35am    7    5  0.00   2  14   4:28pm SSW 30.28   83
19   61.3  74.1   2:43pm  48.9   6:10am    4   11  0.00   2  16   4:28pm   S 30.18   74
20   64.4  73.2   4:32pm  58.4   7:16am    0   14  0.00   3  16   3:20pm  SE 30.23   80
21   60.5  67.7   5:29pm  56.6   6:47am    1   10  0.00   1   8  10:48am  NE 30.28   89
22   61.5  70.1   3:27pm  52.6   3:31am    2   12  0.00   1  10   1:06pm  SW 30.17   87
23   63.1  79.1   2:52pm  48.0   8:09am    3   13  0.01   2  14   7:02pm  SE 30.04   75
24   54.1  59.5  10:05am  44.5  11:56pm    6    4  0.00   4  15   9:21am ENE 29.98   58
25   51.4  63.3   4:45pm  43.7  12:19am    9    4  0.01   3  13  11:28pm NNE 29.81   78
26   45.9  56.9  12:41am  32.5  11:54pm   14    1  0.00  10  36   5:39pm  NW 29.91   50
27   39.2  53.2   5:09pm  28.1   6:27am   21    0  0.00   5  19   2:01am  NW 30.24   29
28   53.1  67.1   4:59pm  39.0  12:00am    8    6  0.02   4  16   4:40pm SSW 29.79   51
29   50.3  65.9  12:26am  41.4  11:36pm   10    2  0.00  10  26   7:15am  NW 29.82   55
30   45.6  57.1   4:32pm  34.0   7:11am   14    1  0.09   4  16   9:22pm NNW 30.00   49
31   40.5  44.9  12:00am  38.3   8:32am   20    0  0.36   4  13  12:23pm  NE 29.86   95
---------------------------------------------------------------------------------------
TOT  42.8  79.1  3/23/12  15.2  2/12/12  402  140  0.88   4  39   3/8/12 WNW 30.04   67

HEAT BASE: 60.0
COOL BASE: 50.0