NOAA-Style Climate Reports


Report for 2012 June
                  MONTHLY CLIMATOLOGICAL SUMMARY FOR 6/2012
                                        HEAT  COOL        
     MEAN                               DEG   DEG       WIND SPEED       DOM MEAN  MEAN
DAY  TEMP  HIGH   TIME     LOW   TIME   DAYS  DAYS RAIN AVG  HI  TIME    DIR BAROM HUM
---------------------------------------------------------------------------------------
1    64.5  73.0   3:00pm  58.2   5:22am    0   14  2.67   3  22  11:53pm   E 29.88   73
2    63.9  72.2   4:01pm  56.7  11:17pm    0   14  0.34   4  20   1:49pm WNW 29.75   68
3    61.5  74.2   3:03pm  52.0   5:36am    2   12  0.52   3  28   6:11pm  SW 29.75   72
4    58.4  68.7   1:21pm  52.8  11:16pm    3    8  0.12   3  20  11:55am NNW 29.69   84
5    57.8  68.3   3:46pm  47.3   5:48am    4    8  0.00   2  14   4:19pm NNW 29.90   70
6    50.6  72.6   2:45pm  47.7   5:42am    2    0  0.00   0  15   3:08pm SSW 29.97   92
7    64.7  78.3   3:14pm  53.4   5:41am    1   15  0.03   2  14  12:26pm  NW 29.97   70
8    69.1  83.9   2:10pm  54.2   5:52am    1   19  0.00   3  17   1:27pm  SW 29.93   60
9    71.3  83.8   3:32pm  60.7   4:26am    0   21  0.00   2  14   9:36am   W 29.94   61
10   76.8  90.9   5:03pm  63.1   5:53am    0   27  0.00   2  13   2:44pm SSW 30.06   63
11   72.4  81.1   3:21pm  65.5   5:55am    0   22  0.00   3  19   5:50pm SSE 30.15   75
12   66.9  69.8  12:00am  64.0  11:54am    0   17  0.88   3  19  10:28am   S 29.99   90
13   68.9  78.9   2:26pm  61.0   5:24am    0   19  0.00   5  21   1:56pm NNW 29.97   66
14   68.8  79.2   3:26pm  57.1   5:24am    0   19  0.00   2  14   8:20am   S 30.18   66
15   69.5  79.7   4:07pm  58.2   5:28am    0   19  0.00   2  11   9:19pm   S 30.27   67
16   68.9  78.9   2:37pm  55.6   5:21am    0   19  0.00   2  11   9:18pm   S 30.28   56
17   65.3  73.1   6:18pm  55.5   5:43am    0   15  0.00   2  14   4:22pm   S 30.17   69
18   63.9  69.2   4:24pm  57.5   5:40am    0   14  0.00   3  14   4:27pm   S 30.11   75
19   69.2  79.0   5:42pm  62.8   6:59am    0   19  0.00   2   9   8:30am   S 30.13   83
20   81.2  96.6   3:04pm  66.0   6:09am    0   31  0.00   2  13   2:48pm  SW 30.05   71
21   84.2  97.0   2:04pm  72.6   5:53am    0   34  0.00   2  14   2:48pm WSW 29.91   63
22   79.2  92.2   3:37pm  71.8  11:59pm    0   29  0.61   2  15   3:58pm  NW 29.81   72
23   75.0  85.9   2:09pm  62.6   6:50am    0   25  0.00   3  21   3:17pm NNW 29.92   55
24   73.4  85.5   3:53pm  59.5   5:33am    0   23  0.00   2  12   1:13pm SSW 29.98   60
25   70.3  81.4   2:38pm  59.8  11:58pm    0   20  0.14   4  20   4:05pm NNW 29.76   65
26   65.8  76.7   3:26pm  55.3   4:13am    1   16  0.00   6  26   1:30pm  NW 29.78   53
27   70.8  84.0   2:50pm  55.9   5:34am    1   21  0.00   5  27   3:37pm  NW 29.81   50
28
---------------------------------------------------------------------------------------
TOT   0.0  81.7  7/16/12  81.7  7/16/12   16  502  0.00   0   1  7/16/12 ---  0.00    0

HEAT BASE: 60.0
COOL BASE: 50.0