NOAA-Style Climate Reports


Report for 2012 September
                  MONTHLY CLIMATOLOGICAL SUMMARY FOR 9/2012
                                        HEAT  COOL        
     MEAN                               DEG   DEG       WIND SPEED       DOM MEAN  MEAN
DAY  TEMP  HIGH   TIME     LOW   TIME   DAYS  DAYS RAIN AVG  HI  TIME    DIR BAROM HUM
---------------------------------------------------------------------------------------
1    79.2  90.8   3:10pm  70.2   7:08am    0   29  0.00   2  14   1:40pm NNW 30.01   61
2    73.0  78.8   1:20pm  67.9   2:22am    0   23  0.00   1   8  12:23pm SSW 30.05   83
3    70.9  75.5  11:18am  69.2   7:51pm    0   21  0.51   0  11  12:11pm ENE 30.08   92
4    73.6  81.8   2:17pm  69.7  12:20am    0   24  1.13   1  13   2:44pm SSW 29.95   93
5    74.8  82.4   2:56pm  65.6  11:53pm    0   25  0.05   3  14   2:22pm SSW 29.82   83
6    70.7  80.6   4:49pm  61.9   4:30am    0   21  0.00   1  10   5:27pm SSW 29.89   83
7    76.7  87.0   2:59pm  68.0   6:47am    0   27  0.00   1  15   7:13pm   S 29.89   75
8    71.4  83.4   2:28pm  61.8  11:57pm    0   21  0.57   3  27   3:30pm   S 29.73   84
9    65.4  76.6  12:51pm  55.2   6:47am    1   15  0.01   2  16   4:22pm  NW 29.86   72
10   62.3  72.9   1:40pm  52.0   6:40am    2   12  0.00   4  20   4:02pm NNW 30.04   62
11   60.1  75.4   4:24pm  45.5   7:03am    5   11  0.00   2  12   2:10pm SSW 30.25   67
12   63.5  79.4   2:45pm  48.7   5:32am    3   14  0.00   1  12   2:22pm   S 30.33   71
13   65.9  79.5   2:51pm  51.6   6:48am    2   16  0.00   1  12   1:26pm   S 30.33   74
14   66.6  79.4   3:09pm  53.2   6:19am    1   17  0.00   2  16  12:31pm   S 30.19   74
15   63.3  72.7   3:32pm  53.7  11:58pm    1   13  0.01   5  22   2:25pm  NW 30.14   68
16   60.4  74.2   3:29pm  48.7   6:24am    4   10  0.00   2  14   1:16pm SSW 30.11   71
17   62.5  74.8   2:49pm  47.8   6:19am    4   13  0.00   3  20   1:58pm   S 30.07   70
18   68.0  74.4   3:20pm  64.5   3:21am    0   18  2.00   7  47   4:06pm   S 29.74   94
19   60.4  69.0   4:21pm  49.6  11:44pm    2   10  0.08   3  18   1:22am  NW 30.03   70
20   57.1  70.6   3:26pm  44.8   6:40am    6    8  0.00   2  16   1:17pm   S 30.15   76
21   61.7  72.8   5:46pm  50.5   5:09am    3   12  0.00   2  16   3:02pm   S 30.06   82
22   65.9  80.2   3:08pm  58.3   2:25am    0   16  0.42   4  22   6:07pm   S 29.87   84
23   58.2  67.8   1:55pm  47.9   7:23am    3    8  0.00   3  19   3:45am  NW 30.06   65
24   54.9  65.7   3:24pm  45.5  11:54pm    6    5  0.00   2  14   3:01pm WNW 30.15   66
25   56.9  70.8   3:36pm  40.5   6:10am    6    9  0.00   3  18  12:55pm   S 30.15   69
26   64.8  74.0   3:11pm  58.5   6:08am    0   15  0.00   3  18   2:25pm   S 30.07   80
27   65.7  73.5   3:25pm  61.5   5:48am    0   16  0.19   1   9   4:21am  SW 30.13   85
28   63.3  73.8   3:07pm  58.0   4:40am    1   13  0.15   2  11   1:38pm NNE 30.02   87
29   58.5  65.0   3:44pm  54.1   4:25am    2    8  0.00   3  12   8:50am  NW 29.94   74
30   56.3  66.4  11:52am  48.5   7:43am    5    6  0.00   2  15   4:01pm  SW 29.85   76
---------------------------------------------------------------------------------------
TOT  65.1  90.8   9/1/12  40.5  9/25/12   56  457  5.12   2  43  9/18/12   S 30.03   76

HEAT BASE: 60.0
COOL BASE: 50.0