NOAA-Style Climate Reports


Report for 2014 January
                  MONTHLY CLIMATOLOGICAL SUMMARY FOR 1/2014
                                        HEAT  COOL        
     MEAN                               DEG   DEG       WIND SPEED       DOM MEAN  MEAN
DAY  TEMP  HIGH   TIME     LOW   TIME   DAYS  DAYS RAIN AVG  HI  TIME    DIR BAROM HUM
---------------------------------------------------------------------------------------
1    27.1  32.3   2:47pm  20.9   2:07am   33    0  0.00   1   8   9:44pm NNE 30.35   68
2    23.0  28.2  12:03am  16.0   9:39pm   37    0  0.00   6  19  10:36am NNE 29.96   84
3    11.8  17.9   1:44am   1.2  11:52pm   48    0  0.03   7  28   9:26am  NW 30.16   88
4    11.3  25.6   3:44pm  -1.7   4:07am   49    0  0.04   1  12  12:18pm WSW 30.45   81
5    19.4  35.5  11:59pm   5.3   4:30am   41    0  0.01   2  10  11:08pm NNE 30.18   91
6    35.9  54.0   6:37am   7.1  11:52pm   24    0  0.55  10  37   6:56am   W 29.63   73
7     4.7   8.2   4:00pm  -0.5   7:11am   55    0  0.00  10  34  12:00am   W 30.24   49
8    12.9  19.8  11:52pm   5.5   6:26am   47    0  0.00   3  16   2:38pm WSW 30.54   58
9    23.7  30.4   3:23pm  16.1   7:54am   36    0  0.00   1   9  10:25am WSW 30.62   62
10   29.3  32.6  11:28pm  25.6   4:03am   31    0  0.20   1   7   6:44am   N 30.43   87
11   44.2  59.7   2:27pm  32.5  12:00am   16    1  1.03   4  23   1:48pm  NW 29.71   96
12   39.5  46.9  12:07am  30.2  10:56pm   20    0  0.00   7  30   1:03am   W 29.84   70
13   39.7  53.5   3:00pm  25.4   6:05am   20    0  0.00   2  19   2:58pm   S 30.03   76
14   43.7  47.6   1:39am  34.1  11:39pm   16    0  0.38   2  13   4:50am SSW 29.80   90
15   33.4  39.1   3:03pm  26.9   6:47am   27    0  0.00   1  10  11:57pm NNE 29.94   96
16   32.7  38.6   2:02pm  24.4  11:58pm   27    0  0.01   2  13  11:30am   W 29.94   76
17   31.1  40.7   1:15pm  22.0   2:40am   29    0  0.00   1  10  12:20pm ESE 29.94   79
18   28.0  32.5   9:52am  18.8  11:57pm   32    0  0.03   5  21  12:46pm   W 29.85   76
19   25.6  34.1   8:05pm  18.2  12:32am   34    0  0.00   4  16   3:29pm  SW 29.80   72
20   32.6  39.1   4:36pm  24.4   4:13am   27    0  0.01   3  21   4:53pm WSW 29.73   74
21   18.6  29.6  12:00am   9.2  11:59pm   41    0  0.00   6  19  10:28pm NNE 29.94   81
22    7.0  15.8   3:31pm   0.7   6:58am   53    0  0.00   6  22   3:22am  NW 29.97   69
23   11.5  20.2   2:43pm   0.8  12:41am   49    0  0.00   4  18   1:18pm   W 30.21   72
24   12.6  17.3  12:45pm   5.2   7:06am   47    0  0.00   5  17   2:34pm WSW 30.33   63
25   18.7  22.7   1:23pm  14.7   3:13am   41    0  0.00   4  17  12:00am   S 29.68   74
26   19.4  23.3   9:50pm  13.0   8:08am   41    0  0.00   6  25  12:43am   W 29.82   62
27   23.8  38.2  11:01am  16.4  11:59pm   36    0  0.04   5  30   1:07pm WNW 29.84   64
28   11.7  16.4  12:00am   7.9   7:56am   48    0  0.00   5  21   2:34am   W 30.33   51
29   13.3  20.3   2:35pm   6.3   7:44am   47    0  0.00   4  20   2:03pm WSW 30.25   49
30   15.9  26.4   3:31pm   2.8   7:09am   44    0  0.00   1  12  11:37am   W 30.38   57
31   25.5  32.0   4:11pm  17.6  12:17am   35    0  0.00   1  10  11:51am WSW 30.19   64
---------------------------------------------------------------------------------------
TOT  23.5  59.7  1/11/14  -1.7   1/4/14 1133    2  2.33   4  37   1/6/14 WSW 30.07   73

HEAT BASE: 60.0
COOL BASE: 50.0