NOAA-Style Climate Reports


Report for 2014 June
                  MONTHLY CLIMATOLOGICAL SUMMARY FOR 6/2014
                                        HEAT  COOL        
     MEAN                               DEG   DEG       WIND SPEED       DOM MEAN  MEAN
DAY  TEMP  HIGH   TIME     LOW   TIME   DAYS  DAYS RAIN AVG  HI  TIME    DIR BAROM HUM
---------------------------------------------------------------------------------------
1    64.5  75.8   4:31pm  51.0   5:47am    2   15  0.00   2  12   4:40pm SSW 30.31   65
2    69.2  81.4   4:15pm  53.9   5:07am    1   19  0.00   3  15   4:04pm SSW 30.16   61
3    74.1  86.2   1:22pm  61.6   5:47am    0   24  0.00   3  17   2:35pm SSW 29.92   68
4    71.8  83.3   3:13pm  62.6  11:55pm    0   22  0.12   2  18   5:46pm WNW 29.81   63
5    66.2  77.7   3:53pm  58.1   4:30am    0   16  0.72   4  19  11:00am  NW 29.72   72
6    65.3  74.6   5:51pm  57.5   6:20am    0   15  0.00   3  18   1:05pm NNW 29.91   63
7    68.9  82.3   5:04pm  53.5   5:50am    1   19  0.00   1  10   9:57am  NW 29.98   63
8    71.1  82.1   2:04pm  56.5   5:23am    0   21  0.02   2  14   1:24pm   S 29.92   63
9    66.7  73.5   4:13pm  62.5   6:39am    0   17  0.26   1   7   4:12pm NNE 29.91   90
10   70.7  78.1   5:20pm  66.1   7:37am    0   21  0.00   1   8   5:46pm NNE 29.93   88
11   65.2  71.6  12:00am  60.6  11:44pm    0   15  0.07   1   9  11:16am ESE 30.03   91
12   64.6  68.7   5:35pm  59.6   3:09am    0   15  0.48   0   8  12:55pm NNE 29.99   96
13   70.5  81.1   1:44pm  65.9  11:51pm    0   21  1.25   1  22   2:30pm SSW 29.79   91
14   64.9  70.7  11:30am  56.3  11:58pm    0   15  0.00   5  21   1:21pm WNW 29.95   73
15   66.8  80.6   5:21pm  52.6   4:46am    2   17  0.00   2  14   9:42am  NW 30.11   66
16   72.4  86.3   4:40pm  55.5   6:10am    1   22  0.09   1  11   1:08pm SSW 30.10   68
17   78.6  89.5   4:26pm  66.5   5:55am    0   29  0.00   2  13   6:20pm SSW 30.00   73
18   82.2  91.6   4:10pm  73.8   7:42am    0   32  0.00   5  27  12:38pm WNW 29.92   58
19   70.6  75.2  12:00am  65.4  11:58pm    0   21  0.41   1  10   5:31pm  SW 29.99   85
20   68.3  79.5   4:59pm  53.5   5:55am    1   18  0.00   2  16   1:11pm NNW 30.00   54
21   69.4  78.1   5:56pm  59.7   6:23am    0   19  0.00   2  10   2:01pm NNE 29.92   55
22   69.5  79.2   4:14pm  59.7   6:11am    0   19  0.00   1  15   2:06pm SSW 29.95   71
23   71.2  80.9   4:31pm  60.3   5:04am    0   21  0.00   2  15   3:49pm SSW 30.09   67
24   73.8  83.9   4:50pm  65.5   2:55am    0   24  0.00   3  16   1:03pm SSW 30.08   66
25   76.4  87.9   4:24pm  68.6  11:08pm    0   26  1.44   3  21   8:32pm SSW 29.91   77
26   75.2  83.3   5:37pm  68.4  12:10am    0   25  0.16   3  18   8:46am NNW 29.89   74
27   74.3  83.0   5:21pm  66.5   3:50am    0   24  0.00   1   9  10:53pm NNE 30.09   70
28   73.7  83.4   4:30pm  62.0   5:53am    0   24  0.00   1  15   2:31pm SSW 30.24   66
29   74.5  82.6   4:48pm  63.9   5:51am    0   25  0.00   3  13   1:37pm SSW 30.19   63
30   76.2  84.6   4:12pm  68.2   6:22am    0   26  0.00   2  14   3:28pm SSW 30.03   62
---------------------------------------------------------------------------------------
TOT  70.9  91.6  6/18/14  51.0   6/1/14    8  627  5.02   2  27  6/18/14 SSW 29.99   71

HEAT BASE: 60.0
COOL BASE: 50.0