NOAA-Style Climate Reports


Report for 2014 July
                  MONTHLY CLIMATOLOGICAL SUMMARY FOR 7/2014
                                        HEAT  COOL        
     MEAN                               DEG   DEG       WIND SPEED       DOM MEAN  MEAN
DAY  TEMP  HIGH   TIME     LOW   TIME   DAYS  DAYS RAIN AVG  HI  TIME    DIR BAROM HUM
---------------------------------------------------------------------------------------
1    80.1  90.0   3:24pm  70.2   5:44am    0   30  0.00   3  20   3:37pm SSW 29.87   72
2    79.2  91.6   2:23pm  72.3  11:49pm    0   29  0.08   2  14   2:36pm SSW 29.86   82
3    76.8  88.6   3:59pm  70.5   7:51pm    0   27  0.39   2  20   6:55pm SSW 29.92   85
4    68.2  75.1   3:48pm  63.6  11:56pm    0   18  0.36   5  25   5:07pm NNW 30.01   75
5    70.0  81.4   4:34pm  58.7   5:38am    0   20  0.00   4  19  11:56am  NW 30.16   54
6    72.1  83.7   3:12pm  58.9   5:33am    0   22  0.00   3  16  12:49pm SSW 30.04   62
7    79.8  89.3   3:54pm  70.7   5:54am    0   30  0.07   4  23   4:51pm SSW 29.82   64
8    78.1  89.5   4:47pm  68.8   5:25am    0   28  0.05   4  41   8:26pm SSW 29.76   75
9    75.0  85.3   2:33pm  66.8   6:02am    0   25  0.00   3  19   5:43pm SSW 29.86   77
10   72.6  83.0   3:59pm  64.1   5:35am    0   23  0.01   1  14   5:17pm NNE 30.07   76
11   74.2  83.4   5:09pm  65.1   6:02am    0   24  0.00   1   9   5:43pm NNE 30.18   68
12   76.1  86.4   2:52pm  66.1   5:33am    0   26  0.00   2  15   5:06pm SSW 30.17   72
13   77.4  84.8   5:51pm  69.6  11:12pm    0   27  0.98   4  35   9:50pm SSW 29.98   79
14   74.0  83.3   3:52pm  69.3   5:24am    0   24  1.17   1  32   5:24pm   S 29.87   89
15   73.6  80.9   3:28pm  68.3  11:53pm    0   24  0.62   1  10   2:24pm   W 29.77   90
16   71.8  79.4   3:25pm  64.2  11:59pm    0   22  0.11   2  14   4:57pm  NW 29.83   70
17   69.1  78.5   5:05pm  58.8   5:37am    0   19  0.00   2  15   2:15pm  NW 30.01   66
18   68.4  78.8   3:48pm  55.6   5:54am    1   18  0.00   1   9  12:34pm SSW 30.21   68
19   71.1  79.2   2:58pm  64.1   5:25am    0   21  0.00   1   9   1:32pm ESE 30.20   68
20   71.7  81.0   5:19pm  63.5   5:23am    0   22  0.05   1   9  12:16pm NNE 30.12   71
21   73.2  82.1   2:41pm  63.4   6:33am    0   23  0.00   1  10   5:13pm  SW 30.16   72
22   75.4  85.8   5:00pm  65.7   6:07am    0   25  0.00   2  11  10:15am SSW 30.13   78
23   76.7  89.7   3:57pm  69.2   5:17am    0   27  0.60   2  31   5:56pm SSW 29.91   80
24   71.3  80.1   4:17pm  63.7  11:59pm    0   21  0.00   4  15   5:05pm NNW 29.89   68
25   68.0  79.3   4:53pm  54.4   5:56am    1   18  0.00   1  11   2:52pm SSW 30.01   65
26   71.8  82.7   3:39pm  62.2   4:41am    0   22  0.00   1  13   2:07pm  SW 29.95   66
27   76.6  87.0   4:35pm  66.1  11:43pm    0   27  0.32   2  23  10:15pm SSW 29.75   75
28   69.7  80.0   3:49pm  64.0  11:51pm    0   20  0.17   4  24   5:33pm WSW 29.61   82
29   65.2  74.5   2:15pm  56.7   6:38am    0   15  0.00   3  16   1:56pm WNW 29.89   70
30   65.4  76.5   3:35pm  52.9   6:27am    2   15  0.00   2  14   3:32pm SSW 30.03   71
31   70.4  81.3   3:27pm  62.3   5:38am    0   20  0.03   2  16   1:58pm SSW 30.08   75
---------------------------------------------------------------------------------------
TOT  73.0  91.6   7/2/14  52.9  7/30/14    3  713  5.01   2  41   7/8/14 SSW 29.97   73

HEAT BASE: 60.0
COOL BASE: 50.0