NOAA-Style Climate Reports


Report for 2015 December
                  MONTHLY CLIMATOLOGICAL SUMMARY FOR 12/2015
                                        HEAT  COOL        
     MEAN                               DEG   DEG       WIND SPEED       DOM MEAN  MEAN
DAY  TEMP  HIGH   TIME     LOW   TIME   DAYS  DAYS RAIN AVG  HI  TIME    DIR BAROM HUM
---------------------------------------------------------------------------------------
1    43.4  48.8   3:10pm  37.0   4:37am   17    0  0.47   3  11  12:12am NNE 30.14   96
2    47.9  52.2   5:07pm  44.6   4:29am   12    0  0.30   1  14   9:27pm NNE 29.82   98
3    42.7  46.8  12:00am  39.3   8:42am   17    0  0.00   7  29   2:24pm   W 29.99   76
4    41.8  49.5   2:34pm  30.3  11:50pm   18    0  0.00   3  15   9:06am   W 30.46   70
5    35.1  47.5   2:32pm  26.9   6:37am   25    0  0.00   0   7   1:16pm  SW 30.67   85
6    35.0  49.9   2:38pm  23.7   7:24am   25    0  0.00   1  11   9:56am WSW 30.46   86
7    38.9  54.7   2:01pm  26.8   6:53am   21    0  0.01   1  16  10:04am  SW 30.17   75
8    36.9  48.0   2:09pm  28.0   7:30am   23    0  0.00   1  11   2:11pm  NW 30.14   78
9    41.9  51.6   3:24pm  29.3   7:03am   18    0  0.00   1  16   4:23pm   S 30.08   84
10   46.6  54.5   3:12pm  39.7  11:21pm   13    1  0.01   1   9   8:19am WSW 29.97   89
11   46.0  55.5   1:30pm  35.3   7:25am   14    1  0.00   1  11   1:34pm WSW 29.95   88
12   51.4  60.1   3:21pm  43.6   4:46am    9    3  0.00   0  10  12:00am WSW 30.13   88
13   56.8  65.9   2:18pm  48.8   7:35am    4    7  0.00   1  12  11:37am WSW 30.12   87
14   58.6  66.4   1:18pm  52.2   3:12am    3    9  0.16   4  30  11:56pm   S 29.77   92
15   54.0  64.0  12:00am  48.5   7:11pm    6    4  0.05   9  30  10:25am   W 29.66   67
16   47.5  49.9  12:00am  45.1   7:37am   12    0  0.00   3  14   3:43am   S 30.08   72
17   48.6  50.3   6:02pm  46.5   2:32am   11    0  0.57   1  10   1:00am NNE 29.86   91
18   41.9  49.1  12:15am  34.7  11:57pm   18    0  0.01   6  20   7:31pm WNW 29.80   73
19   33.8  37.5  12:34pm  29.0   7:23am   26    0  0.00   9  30   3:19am   W 30.15   57
20   32.6  39.8   2:43pm  27.8   6:29am   27    0  0.00   3  19  12:07am WSW 30.48   65
21   39.2  48.3   1:34pm  28.0  12:15am   21    0  0.00   1  13   1:28pm SSW 30.24   71
22   48.0  54.8   2:02pm  40.6  12:41am   12    1  0.27   0  11   1:50pm   W 30.02   92
23   54.4  64.1  11:20pm  51.0   4:34am    6    4  0.58   1  16  10:35pm  NE 30.03   98
24   62.0  68.9   1:21pm  49.9  10:09pm    2   12  0.05   4  21   6:35am SSW 29.97   90
25   55.1  59.9   1:52pm  48.4   5:49am    5    5  0.01   0  10  11:57pm  NW 30.17   97
26   48.7  55.3  12:00am  44.9  11:06pm   11    0  0.24   3  16  12:54am NNE 30.40   72
27   48.0  56.3   6:26pm  40.4  11:57pm   12    1  0.13   2  25   6:27pm NNW 30.02   95
28   37.8  40.4  12:00am  33.4  11:46pm   22    0  0.05   5  23   3:40am ENE 30.37   74
29   37.5  39.8   3:03pm  33.4  12:00am   22    0  0.58   3  16  12:15am NNE 30.10   96
30   41.0  43.9   5:13pm  38.0   1:25am   19    0  0.05   1   9  11:03am NNE 30.22   98
31   42.7  47.8  11:38am  37.8  11:49pm   17    0  0.01   5  23   1:34pm   W 30.11   81
---------------------------------------------------------------------------------------
TOT  45.0  68.9 12/24/15  23.7  12/6/15  471   50  3.55   3  30 12/14/15   W 30.11   83

HEAT BASE: 60.0
COOL BASE: 50.0