NOAA-Style Climate Reports


Report for 2016 May
                  MONTHLY CLIMATOLOGICAL SUMMARY FOR 5/2016
                                        HEAT  COOL        
     MEAN                               DEG   DEG       WIND SPEED       DOM MEAN  MEAN
DAY  TEMP  HIGH   TIME     LOW   TIME   DAYS  DAYS RAIN AVG  HI  TIME    DIR BAROM HUM
---------------------------------------------------------------------------------------
1    47.4  52.5  12:00am  42.2   7:49am   13    0  0.40   0  10   6:06am ESE 30.15   89
2    52.1  60.7   5:50pm  46.2   7:52am    8    3  0.44   0   9  11:25pm SSW 29.97   92
3    53.8  56.3  12:00am  51.3   7:03am    6    4  0.26   1  11   4:30am NNE 29.85   93
4    50.2  53.0  12:03am  48.2  10:29pm   10    1  0.31   0   8   8:17am NNE 29.77   94
5    52.0  57.9   5:30pm  46.4   5:48am    8    3  0.00   2  15   9:01am NNE 29.70   81
6    51.1  54.4  12:00am  48.5  11:27pm    9    1  0.85   2  18  11:44am NNE 29.71   90
7    51.4  57.7   6:30pm  47.7  11:31pm    9    2  0.05   0   6   2:30pm SSW 29.78   88
8    57.6  66.8   4:45pm  47.7  12:00am    4    8  0.11   5  29   1:49pm WNW 29.77   60
9    57.7  69.6  12:50pm  42.8   3:24am    5    9  0.00   4  24  12:58pm  SW 30.02   58
10   52.0  56.7   3:50pm  47.3   5:44am    8    2  0.00   1  10   7:51pm  SW 30.24   64
11   57.2  67.3   3:24pm  46.6   4:14am    5    8  0.00   1  11   3:10pm WSW 30.18   72
12   63.2  75.3   2:42pm  48.2   6:00am    3   13  0.00   1  13   5:14pm   S 30.09   77
13   63.1  69.8   6:41pm  56.8  11:31pm    0   13  0.23   1  12   8:53am   S 29.85   88
14   58.6  72.8   2:29pm  48.4   5:57am    4    9  0.06   3  27   3:37pm  SW 29.75   77
15   47.4  54.4   3:39pm  41.9  11:36pm   13    0  0.01   6  42   7:13pm   W 29.88   67
16   51.9  66.0   5:42pm  37.4   4:09am    9    6  0.01   5  28   9:48am WSW 30.12   51
17   54.8  61.2  11:11am  49.8   6:18am    5    5  0.00   1  12  10:53am SSW 30.19   65
18   56.7  64.4   2:33pm  49.5   5:41am    4    7  0.03   0  11   1:07pm NNE 30.14   66
19   61.2  72.8   2:41pm  52.0   5:56am    3   11  0.00   2  16   5:55pm  NW 30.12   56
20   61.2  74.5   4:09pm  43.5   5:58am    4   12  0.00   1  12  10:38pm   S 30.23   56
21   57.5  65.0   3:28pm  51.1  11:19pm    3    7  0.27   0   8   1:25pm   S 30.06   68
22   58.5  67.1   1:27pm  51.4  12:00am    3    8  0.00   1  12   1:36pm  NW 29.87   79
23   63.0  77.7   2:53pm  49.1   5:12am    3   13  0.01   1  15   3:58pm NNE 29.92   72
24   68.9  84.0   4:32pm  55.2   6:13am    1   19  0.00   3  20   2:32pm  NW 29.93   59
25   70.6  87.0   3:53pm  51.6   5:19am    2   21  0.00   2  19   4:25pm  SW 30.08   56
26   76.1  88.4   5:02pm  58.9   5:40am    0   26  0.00   2  15   1:58pm   S 30.07   53
27   78.1  88.4   4:18pm  66.9   5:51am    0   28  0.19   2  17   4:17pm SSW 30.04   70
28   79.4  90.3   3:33pm  68.4   6:00am    0   29  0.00   2  17   4:26pm SSW 30.11   67
29   77.3  88.0   4:41pm  66.4   5:56am    0   27  0.04   2  16   8:21pm   S 30.10   64
30   73.1  83.7   4:51pm  65.4   5:47am    0   23  0.31   1  12   3:19pm SSW 29.98   78
31   75.4  86.4   2:59pm  65.3   6:15am    0   25  0.04   1  12   2:39pm NNE 29.96   63
---------------------------------------------------------------------------------------
TOT  60.6  90.3  5/28/16  37.4  5/16/16  141  344  3.62   2  42  5/15/16 SSW 29.99   71

HEAT BASE: 60.0
COOL BASE: 50.0