NOAA-Style Climate Reports


Report for 2016 June
                  MONTHLY CLIMATOLOGICAL SUMMARY FOR 6/2016
                                        HEAT  COOL        
     MEAN                               DEG   DEG       WIND SPEED       DOM MEAN  MEAN
DAY  TEMP  HIGH   TIME     LOW   TIME   DAYS  DAYS RAIN AVG  HI  TIME    DIR BAROM HUM
---------------------------------------------------------------------------------------
1    75.0  86.8   4:34pm  63.5   5:52am    0   25  0.01   1  11   3:24pm   S 30.05   61
2    72.0  82.6   3:43pm  61.2   5:54am    0   22  0.00   1  14   4:25pm   S 30.08   67
3    68.3  73.3   7:09pm  63.5   6:22am    0   18  0.02   0   5  10:17am SSW 30.04   88
4    74.0  81.2   2:43pm  66.9   5:32am    0   24  0.01   1  11   2:47pm SSW 29.98   78
5    69.5  78.4   3:52pm  65.6  11:26pm    0   20  0.01   2  24   4:56pm   S 29.74   88
6    73.8  84.3   5:23pm  64.6   5:45am    0   24  0.00   3  17  12:16pm  SW 29.68   70
7    71.0  79.9  12:46pm  62.3  11:59pm    0   21  0.01   3  19   5:38pm WNW 29.57   65
8    59.3  66.1   3:21pm  51.8  12:27pm    2    9  0.35   5  27   3:39pm WNW 29.72   65
9    61.7  73.7   5:04pm  49.5   4:11am    3   12  0.00   6  27   4:04pm WNW 29.90   51
10   64.5  77.7   4:07pm  51.3   5:13am    2   14  0.00   3  23  11:17am WNW 30.04   50
11   72.1  90.6   4:25pm  52.4   2:43am    2   22  0.00   3  23   6:23pm  SW 29.90   66
12   77.0  84.1  10:28am  62.9  11:59pm    0   27  0.00   8  33  12:00pm  NW 29.73   49
13   65.9  76.3   3:09pm  56.3   6:06am    0   16  0.00   5  22  12:19am  NW 29.88   55
14   67.7  78.9   5:50pm  56.7   6:03am    0   18  0.00   3  18  12:20am  NW 29.96   48
15   68.9  82.1   2:58pm  53.4   5:19am    1   19  0.00   2  14   2:55pm SSW 29.94   63
16   65.8  70.5  12:03am  63.6   3:53am    0   16  0.61   0   6  12:03am SSW 29.79   90
17   70.9  82.2   4:57pm  61.8   5:59am    0   21  0.00   0  10   2:35pm   N 29.93   67
18   71.8  84.4   5:15pm  55.8   5:52am    0   22  0.00   1  10   1:13pm   S 30.21   60
19   77.1  89.7   4:33pm  64.4   4:47am    0   27  0.00   2  12   2:28pm  SW 30.27   56
20   77.0  88.6   3:01pm  62.8   5:59am    0   27  0.00   2  16   3:52pm SSW 30.10   59
21   77.5  86.6   4:17pm  67.9   6:55am    0   28  0.01   3  23   5:26am  NW 29.83   53
22   73.7  84.6   2:28pm  60.7   5:04am    0   24  0.00   4  26  12:51pm WNW 29.86   55
23   72.5  81.2   2:03pm  66.1   9:07am    0   23  0.00   1  15   3:07pm   N 29.87   69
24   73.4  85.2   2:31pm  64.2   6:02am    0   23  0.00   1  10   3:30pm NNE 30.01   65
25   73.9  85.3   2:45pm  60.3   5:54am    0   24  0.00   1  10   3:48pm   S 30.16   61
26   75.1  86.7   4:26pm  62.1   5:47am    0   25  0.00   3  14   1:51pm SSW 30.18   57
27   71.8  83.9   1:57pm  62.0   5:30am    0   22  0.40   2  17   1:57pm   S 30.04   71
28   73.5  83.3   4:13pm  68.0  11:59pm    0   24  0.15   1  17   7:59pm   S 29.91   84
29   71.7  81.6   4:33pm  62.2   5:44am    0   22  0.00   3  19   3:16pm WNW 29.92   69
30   72.3  83.0   4:29pm  59.9   6:09am    0   22  0.00   1  14   3:48pm SSW 30.02   62
---------------------------------------------------------------------------------------
TOT  71.3  90.6  6/11/16  49.5   6/9/16   11  639  1.58   2  33  6/12/16 SSW 29.94   65

HEAT BASE: 60.0
COOL BASE: 50.0