NOAA-Style Climate Reports


Report for 2016 October
                  MONTHLY CLIMATOLOGICAL SUMMARY FOR 10/2016
                                        HEAT  COOL        
     MEAN                               DEG   DEG       WIND SPEED       DOM MEAN  MEAN
DAY  TEMP  HIGH   TIME     LOW   TIME   DAYS  DAYS RAIN AVG  HI  TIME    DIR BAROM HUM
---------------------------------------------------------------------------------------
1    56.1  60.1   3:56pm  52.6   6:16am    4    6  0.14   1  13   3:08am   N 30.17   96
2    58.4  61.0   3:42pm  55.5   7:43am    2    8  0.00   0   4   4:52am   N 30.08   97
3    61.5  72.3   3:30pm  54.0  11:50pm    1   11  0.10   1  12   4:31pm  NW 30.04   86
4    56.8  63.7   2:09pm  49.1   5:46am    4    7  0.01   0  10  11:30am NNE 30.26   90
5    58.3  69.2   3:37pm  51.1  11:33pm    4    8  0.00   0  10  10:38am NNE 30.31   75
6    57.2  72.6   3:05pm  44.3   7:26am    6    8  0.00   0   5   1:09pm NNW 30.30   80
7    60.1  75.3   4:12pm  47.3   6:13am    4   10  0.00   0  11   2:59pm   S 30.24   77
8    60.2  65.3   4:20pm  54.8   2:14am    2   10  0.00   0   4   2:56pm NNW 30.07   92
9    57.2  63.5   3:53pm  50.6  11:52pm    3    7  0.00   6  26   6:52pm NNW 30.05   66
10   51.3  62.6   2:55pm  43.7   6:29am    9    3  0.00   4  26   3:05am  NW 30.29   57
11   49.0  64.1   3:51pm  34.9   7:10am   11    4  0.00   0   6  12:45pm SSW 30.43   69
12   52.7  66.4   3:28pm  39.9   7:15am    8    5  0.00   0  11   3:35pm   S 30.31   81
13   54.3  65.1   4:55pm  46.1   4:11am    6    5  0.01   1  12   4:58pm  NW 30.12   87
14   50.5  63.1   3:50pm  39.7   7:09am   10    3  0.00   1  11  10:04am  NW 30.33   71
15   48.5  65.0   3:33pm  34.5   6:19am   12    4  0.00   1  10  12:29pm   S 30.37   76
16   53.9  67.1   5:21pm  41.8   6:11am    7    6  0.00   1  11   1:52pm  SW 30.16   86
17   64.7  76.5   3:58pm  55.2   7:43am    1   15  0.00   1  14  12:12pm WSW 29.95   83
18   67.8  83.3   3:56pm  53.1   7:49am    1   18  0.00   2  18   2:02pm   S 29.88   78
19   71.1  83.2   2:20pm  62.3  11:53pm    0   21  0.00   2  14   2:25pm  NW 29.98   70
20   64.7  73.3   3:23pm  57.8   7:00am    0   15  0.00   0   8  11:05pm NNE 30.04   78
21   66.1  78.3   3:06pm  52.6  11:54pm    1   16  0.15   3  19  11:34pm   S 29.67   81
22   48.2  53.0   1:01am  45.9   7:35pm   12    0  0.21   8  30  12:31pm WNW 29.60   74
23   51.8  63.8   2:11pm  43.6   4:03am    9    4  0.00   5  29  11:13am   W 29.87   62
24   52.9  61.4   2:26pm  45.1  12:03am    7    4  0.03   5  28   3:45pm WNW 29.98   66
25   46.1  51.5  12:52pm  34.8  11:54pm   14    0  0.00   4  24   3:28am WNW 30.26   59
26   39.7  50.4   2:47pm  28.4   7:13am   20    0  0.00   1  15  10:21am   N 30.43   67
27   41.6  45.5  11:09pm  36.5   7:42am   18    0  0.50   0   8   9:06pm   N 30.26   85
28   45.2  52.4   3:57pm  36.1  11:50pm   15    0  0.00   5  25   9:14am WNW 30.17   73
29   49.3  66.9   4:04pm  32.1   6:41am   12    6  0.00   1  11  11:12am SSW 30.08   75
30   64.2  78.4   2:39pm  50.2  11:57pm    1   14  0.11   3  22  10:26pm WSW 29.89   73
31   46.3  53.7   2:39pm  36.1  11:55pm   13    0  0.00   3  18   8:21am NNW 30.18   70
---------------------------------------------------------------------------------------
TOT  55.0  83.3 10/18/16  28.4 10/26/16  219  221  1.26   2  30 10/22/16  NW 30.12   77

HEAT BASE: 60.0
COOL BASE: 50.0