NOAA-Style Climate Reports


Report for 2017 April
                  MONTHLY CLIMATOLOGICAL SUMMARY FOR 4/2017
                                        HEAT  COOL        
     MEAN                               DEG   DEG       WIND SPEED       DOM MEAN  MEAN
DAY  TEMP  HIGH   TIME     LOW   TIME   DAYS  DAYS RAIN AVG  HI  TIME    DIR BAROM HUM
---------------------------------------------------------------------------------------
1    42.4  48.6   3:33pm  36.2   5:24am   18    0  0.01   5  21   3:53pm  NW 29.89   81
2    49.4  63.0   4:12pm  34.0   6:46am   11    4  0.00   3  18   1:39pm WNW 30.14   58
3    52.6  66.6   2:25pm  37.2   5:22am    9    6  0.04   2  18   1:46pm SSE 30.01   62
4    59.0  72.5   5:39pm  47.7  12:56am    4    9  0.35   2  25   7:25pm WSW 29.60   79
5    58.4  65.4   5:49pm  50.8  11:59pm    3    8  0.00   3  19   2:56am   W 29.87   57
6    45.3  50.8  12:00am  41.6  11:25am   15    0  1.62   4  21  11:00pm ENE 29.51   90
7    42.2  47.6  12:00am  38.5  10:26pm   18    0  0.03   9  30   8:15pm   W 29.48   71
8    46.3  59.1   4:02pm  35.0   6:38am   14    2  0.00   7  29  12:21pm   W 29.89   43
9    51.7  67.5   5:03pm  31.9   6:08am   10    7  0.00   2  16  12:21pm WSW 30.14   44
10   61.7  79.8   4:21pm  41.1   6:08am    5   13  0.00   2  16   5:24pm SSW 30.14   50
11   67.8  83.8   3:04pm  49.0   6:45am    2   18  0.00   1  19   3:32pm WSW 30.10   51
12   64.2  75.2   3:47pm  55.3   5:33am    1   14  0.07   3  22   4:46pm WSW 30.16   57
13   53.2  64.3   3:22pm  43.8   6:06am    7    4  0.00   3  17   1:48pm NNW 30.37   48
14   53.8  66.9   6:04pm  41.9   2:44am    7    6  0.00   1  10   9:01am SSW 30.37   47
15   56.4  65.1   4:40pm  44.1   6:25am    5    7  0.00   1  14   2:18pm   S 30.28   65
16   68.1  83.8   2:20pm  53.6   6:15am    1   18  0.06   4  32   5:15pm  SW 29.95   68
17   64.2  72.2   5:07pm  56.9  11:56pm    0   14  0.00   3  18   3:29pm  NW 30.00   56
18   56.9  68.3   4:00pm  45.5   6:36am    5    7  0.00   1  15   8:10pm   N 30.32   48
19   51.5  57.8   3:12pm  45.0   3:50am    8    3  0.00   3  15   2:06pm   S 30.38   69
20   61.1  72.8   4:42pm  52.9   4:53am    3   11  0.05   1  12   8:35pm ESE 30.07   76
21   54.5  59.3   3:38pm  49.7   8:45am    5    5  0.52   2  10   5:55am NNE 29.92   89
22   52.8  54.6  12:46pm  45.7  11:57pm    7    3  0.03   3  16   9:56pm   N 29.96   77
23   52.9  66.1   5:19pm  37.7   6:37am    8    6  0.00   0  10   9:22am NNE 30.10   60
24   52.2  59.5   1:12pm  44.2   3:27am    8    3  0.03   1  11   3:29pm NNE 30.12   76
25   53.4  56.5   1:38pm  50.6   7:10am    7    3  0.28   4  20   1:48pm NNE 29.97   84
26   58.5  67.3   6:35pm  51.4   3:59am    3    8  0.05   2  16   2:19am NNE 29.78   86
27   67.4  78.8   5:46pm  59.2   6:16am    0   17  0.00   1  14   2:30pm   S 29.84   79
28   69.8  81.1   5:13pm  58.5   6:15am    0   20  0.00   2  16  11:55am WSW 29.97   62
29   70.0  83.4   3:25pm  59.0   6:12am    0   20  0.16   2  25   3:28pm WSW 30.03   71
30   60.3  66.4   1:10pm  51.5  11:56pm    2   10  0.00   0  11   8:53pm   E 30.15   66
---------------------------------------------------------------------------------------
TOT  56.6  83.8  4/11/17  31.9   4/9/17  186  249  3.30   3  32  4/16/17 NNE 30.02   66

HEAT BASE: 60.0
COOL BASE: 50.0