NOAA-Style Climate Reports


Report for 2017 June
                  MONTHLY CLIMATOLOGICAL SUMMARY FOR 6/2017
                                        HEAT  COOL        
     MEAN                               DEG   DEG       WIND SPEED       DOM MEAN  MEAN
DAY  TEMP  HIGH   TIME     LOW   TIME   DAYS  DAYS RAIN AVG  HI  TIME    DIR BAROM HUM
---------------------------------------------------------------------------------------
1    68.4  77.4   5:06pm  57.6   5:06am    0   18  0.01   2  21  11:53am WSW 29.95   60
2    65.0  76.3   2:33pm  50.0   6:09am    2   15  0.00   3  29   2:05pm WNW 29.97   51
3    61.5  75.2   4:50pm  51.2   2:28am    3   12  0.09   2  23   4:07pm  NW 30.00   62
4    58.0  65.8  11:57am  47.2   5:55am    3    8  0.01   0  10  10:36pm   N 29.96   80
5    65.3  72.3  12:48pm  58.4   5:41am    0   15  0.03   1  16   2:01pm SSW 29.74   87
6    60.3  65.6  12:00am  55.0  11:38pm    1   10  1.23   0   8   3:28pm NNE 29.75   91
7    57.3  66.5   4:42pm  49.8   3:12am    4    7  0.03   0   9  12:54pm   N 30.00   77
8    60.6  72.0   3:09pm  47.1   6:05am    4   11  0.00   0   8   2:10pm   N 29.96   68
9    66.2  81.4   3:30pm  47.4   5:17am    3   16  0.00   2  19   3:58pm WNW 29.81   60
10   74.5  85.6   4:09pm  63.4   7:10am    0   25  0.01   2  18   1:41pm  SW 29.98   58
11   78.6  90.1   4:47pm  63.9   6:09am    0   29  0.00   1  16  11:45am  SW 30.05   60
12   80.2  91.7   3:18pm  66.3   5:05am    0   30  0.00   1  17   3:19pm WSW 30.01   59
13   83.1  95.5   3:31pm  70.4   5:37am    0   33  0.00   1  15   1:23pm WSW 29.92   59
14   77.5  85.1   4:53pm  71.5   5:42am    0   28  0.00   1  11   8:41am   N 29.95   65
15   72.6  79.7   3:21pm  66.9   6:37am    0   23  0.00   1  15   5:31pm   S 29.99   54
16   66.5  71.5   4:48pm  62.1   8:13am    0   17  0.05   0   4  10:42am NNE 29.94   82
17   70.6  77.1   6:05pm  66.2   5:52am    0   21  0.61   0   5   1:36pm SSW 29.91   90
18   79.2  87.7   5:32pm  72.2   1:32am    0   29  0.00   3  17   2:23pm   S 29.82   78
19   76.4  85.8  12:39pm  68.8   4:08pm    0   26  0.42   3  34   3:15pm   S 29.80   82
20   73.9  82.7   5:26pm  65.7   6:20am    0   24  0.00   2  23  11:35am  SW 29.92   66
21   70.6  82.3   2:49pm  61.2   5:40am    0   21  0.04   1  21   4:00pm  SW 29.94   71
22   74.7  87.0   4:42pm  60.5   5:18am    0   25  0.00   1  17   2:12pm  SW 29.97   72
23   75.0  86.0   4:03pm  71.3   6:25am    0   25  0.64   1  17   2:42pm SSW 29.75   87
24   76.1  85.2   3:02pm  68.2   5:52am    0   26  0.91   2  23  12:10pm WNW 29.74   68
25   72.6  82.7   3:24pm  61.3   6:09am    0   23  0.00   1  16   3:25pm  SW 29.97   63
26   69.1  78.2   2:46pm  56.8   5:39am    0   19  0.00   1  16  11:11pm  SW 30.02   55
27   67.1  76.5   5:04pm  58.5   5:56am    0   17  0.01   1  18   1:31pm WNW 29.99   65
28   67.6  79.1   4:13pm  54.7   6:09am    1   18  0.00   1  20  12:51pm  SW 30.12   58
29   74.5  84.7   4:41pm  63.7   5:57am    0   25  0.00   2  16   6:00pm   S 30.08   61
30   78.2  89.8   3:55pm  69.8  11:54pm    0   28  1.18   3  20   6:47pm SSW 29.97   70
---------------------------------------------------------------------------------------
TOT  70.7  95.5  6/13/17  47.1   6/8/17   22  622  5.27   1  34  6/19/17 SSW 29.93   69

HEAT BASE: 60.0
COOL BASE: 50.0