NOAA-Style Climate Reports


Report for 2017 October
                  MONTHLY CLIMATOLOGICAL SUMMARY FOR 10/2017
                                        HEAT  COOL        
     MEAN                               DEG   DEG       WIND SPEED       DOM MEAN  MEAN
DAY  TEMP  HIGH   TIME     LOW   TIME   DAYS  DAYS RAIN AVG  HI  TIME    DIR BAROM HUM
---------------------------------------------------------------------------------------
1    52.6  67.6   4:44pm  39.7   7:13am    9    5  0.00   0   7   4:04pm  SW 30.37   72
2    54.8  71.9   3:48pm  40.5   6:56am    8    7  0.00   0   7   1:43pm   S 30.41   70
3    57.4  71.3   3:34pm  44.2   6:31am    6    9  0.00   0  11   3:43pm   S 30.56   73
4    61.2  76.0   4:11pm  45.8   7:35am    4   12  0.00   1  13   1:52pm SSW 30.37   77
5    68.6  80.4   2:49pm  60.2   6:44am    0   19  0.17   1  18  11:41am  SW 30.13   75
6    68.7  76.6   3:36pm  62.5   7:53am    0   19  0.00   1  11  12:48pm WSW 30.08   83
7    70.3  79.8   4:09pm  61.9   7:01am    0   20  0.00   1  17   3:56pm   S 30.05   79
8    73.5  77.7   1:37pm  70.4  11:27pm    0   24  0.10   2  14   2:22am   S 29.93   87
9    73.0  77.4   4:24pm  70.9  12:00am    0   23  0.71   2  23  10:55am   S 29.88   93
10   70.0  79.0   4:09pm  62.2  11:51pm    0   20  0.00   1  11   3:33pm   W 30.07   82
11   63.7  70.0   2:21pm  59.4   3:22am    0   14  0.09   0   5  12:45pm NNE 30.10   86
12   56.8  62.6  12:00am  52.7   9:37am    3    7  0.30   0  10   2:47am NNE 30.29   88
13   56.0  60.5   2:42pm  50.0   7:39am    4    6  0.00   0   5   7:06am NNE 30.38   83
14   61.6  66.7   1:23pm  58.1   6:00am    1   12  0.02   0   8   1:14pm WSW 30.24   90
15   64.1  67.7   5:24pm  60.6   5:58am    0   14  0.08   1  13  11:37pm   S 29.98   90
16   54.8  65.8  12:00am  44.1  11:59pm    6    5  0.07   4  20   8:59am  NW 30.05   70
17   46.4  58.9   4:05pm  35.0   7:19am   14    2  0.00   0   9  12:18am SSW 30.31   67
18   53.8  70.2   3:38pm  40.9   3:23am    8    6  0.00   1  12   9:03am  SW 30.32   69
19   55.6  70.6   4:23pm  41.0   7:33am    7    8  0.00   1  14  12:17pm SSW 30.20   73
20   59.6  73.9   3:45pm  48.2  11:57pm    4   10  0.00   1  16   2:33pm  NW 30.18   58
21   55.7  76.0   2:51pm  40.4   7:29am    8    8  0.00   0   8   1:53pm  SW 30.33   69
22   56.5  73.6   3:34pm  42.4   7:43am    7    8  0.00   0  10   2:45pm   S 30.37   72
23   64.3  71.3   3:19pm  54.4  12:00am    1   14  0.00   1  15  10:39pm SSE 30.16   84
24   67.9  73.8   1:51pm  56.5  11:46pm    0   18  0.29   3  25   7:14am   S 29.75   76
25   54.4  63.3   2:27pm  46.4  11:59pm    6    5  0.00   1  15  10:47am  NW 29.75   63
26   47.7  55.3   4:35pm  39.8   6:56am   12    1  0.00   2  19   1:09pm WNW 29.81   72
27   49.1  62.7   3:24pm  35.9   7:46am   11    3  0.00   1  10  11:56am   S 30.06   68
28   55.3  68.4   2:48pm  42.2   6:02am    6    7  0.00   1  23  12:47pm   S 29.96   75
29   59.4  62.4   4:39pm  49.3  11:59pm    1    9  1.58   0  25  11:59pm  NW 29.55   93
30   49.1  54.3   4:05pm  42.6   6:20am   11    1  0.13   6  32   5:41am   W 29.52   67
31   45.9  54.7   2:47pm  35.8  11:57pm   14    1  0.00   2  25   2:23pm WSW 30.08   62
---------------------------------------------------------------------------------------
TOT  59.0  80.4  10/5/17  35.0 10/17/17  150  316  3.54   1  32 10/30/17   S 30.10   76

HEAT BASE: 60.0
COOL BASE: 50.0